
-21262224
In base 12, what is -2 - -14b3839?
14b3837
In base 4, what is -32 - 132310222322?
-132310223020
In base 11, what is 4 - 66083265?
-66083261
In base 11, what is -5243450 - 9?
-5243459
In base 6, what is 123535521 + 2?
123535523
In base 5, what is 340141 - -1044240?
1434431
In base 6, what is -1515425002 - -5?
-1515424553
In base 2, what is -10010010100 + -1000110110110110?
-1001001001001010
In base 4, what is 10 - 313300230010?
-313300230000
In base 13, what is b5c6 + -2a5?
b321
In base 3, what is -10222112212112 + -21?
-10222112212210
In base 3, what is 1112212222 - -110000?
1120022222
In base 5, what is -12000222 - 1240?
-12002012
In base 15, what is -11 + 1154d26?
1154d15
In base 8, what is -2163340 + 112?
-2163226
In base 5, what is -140212241 - 1133?
-140213424
In base 3, what is 110122200200222 - -21?
110122200201020
In base 3, what is 1200202021221220 + 1012?
1200202022000002
In base 4, what is -102103231 + 1121?
-102102110
In base 3, what is 1222 - -12021221122?
12022000121
In base 5, what is -3 + 10131011143?
10131011140
In base 8, what is -75531265 - -2?
-75531263
In base 5, what is -12241 + -13241233?
-13304024
In base 2, what is -1011100100100011110 - -1001?
-1011100100100010101
In base 13, what is c55b5 - -a67?
c634c
In base 8, what is 13 + 1535576?
1535611
In base 16, what is -e05d + -52c?
-e589
In base 2, what is -1 - -110000001000110100100?
110000001000110100011
In base 16, what is 244a - 463?
1fe7
In base 2, what is 1100101 - -10000101101100011?
10000101111001000
In base 2, what is -100010100 - 110010111011000001101?
-110010111011100100001
In base 2, what is 1 - -1100011011100001011011011010?
1100011011100001011011011011
In base 5, what is 22442130 + -2240?
22434340
In base 11, what is -5445a31 + -2?
-5445a33
In base 2, what is 10110010100110 + 11110011111?
11010001000101
In base 10, what is 81278 + -320?
80958
In base 4, what is -133 + 21301220010?
21301213211
In base 14, what is 14 + -5a588d?
-5a5879
In base 14, what is 86d9d + 10?
86dad
In base 4, what is 10 + -1020113003313?
-1020113003303
In base 10, what is 1247 - -7132?
8379
In base 4, what is -20212023 - 23223?
-20301312
In base 13, what is -1272c0 - -22?
-12729b
In base 3, what is -12101202 - -1100122200?
1011020221
In base 11, what is -531a1 + 137a?
-51922
In base 7, what is -1152 + -5330?
-6512
In base 11, what is 1559 - 437a?
-2921
In base 2, what is 110101000011010101111 - 10101?
110101000011010011010
In base 11, what is 2 + 809a09?
809a10
In base 15, what is 19e37b + d?
19e389
In base 13, what is 21b + -31827?
-31609
In base 11, what is -1119600 + -357?
-1119957
In base 2, what is -111100111111001000 + 100111000?
-111100111010010000
In base 15, what is -5 - 1973ec4?
-1973ec9
In base 4, what is -1113122021130 - -11?
-1113122021113
In base 7, what is -343 + 103420?
103044
In base 15, what is 9d - 19a9?
-190b
In base 16, what is -b045 + -99?
-b0de
In base 6, what is 443 - -51220512?
51221355
In base 9, what is -143 + 330055?
328812
In base 11, what is 14400a42 - -a?
14400a51
In base 10, what is -2 + -2815518?
-2815520
In base 11, what is 11396473 + -4?
1139646a
In base 2, what is -111100000010100001100 + 101?
-111100000010100000111
In base 3, what is 10020011012020100 + 11?
10020011012020111
In base 7, what is 2560141 - 151?
2556660
In base 5, what is 4 + -10441020141?
-10441020132
In base 16, what is -10499b + -1b5?
-104b50
In base 15, what is -17c + 13d52?
13bc5
In base 16, what is -7cb - 118?
-8e3
In base 2, what is -1100100 + 1000001111010101?
1000001101110001
In base 7, what is -5 - 1245452333?
-1245452341
In base 13, what is -1b2464 - -4b?
-1b2416
In base 15, what is 9527ad - -1a?
9527c8
In base 15, what is 372b3c7 + -2?
372b3c5
In base 6, what is -152332034 - -155?
-152331435
In base 5, what is -2311 + -342012?
-344323
In base 3, what is -110000212 + 100202?
-102200010
In base 10, what is -2 + -12225506?
-12225508
In base 9, what is -5 + -13835588?
-13835604
In base 8, what is -1554161 - 133?
-1554314
In base 5, what is 10 + -420233033?
-420233023
In base 16, what is 1fe4 - -90?
2074
In base 8, what is -1 + 10005612?
10005611
In base 5, what is 1334 + -11430?
-10041
In base 16, what is -1b46a7 + -3?
-1b46aa
In base 13, what is -b7 + -14c11?
-14cc8
In base 10, what is -5460604 - -5?
-5460599
In base 15, what is 25433 - 2baa?
22778
In base 12, what is 12 + a4b814?
a4b826
In base 6, what is -3 + 1002325010?
1002325003
In base 15, what is -5177 - 6db?
-5863
In base 5, what is 2 + 11111300441?
11111300443
In base 16, what is 4a9b3 - 84?
4a92f
In base 16, what is 4d5 - -b80?
1055
In base 5, what is -113114134 + 1103?
-113113031
In base 8, what is -2 + 435546625?
435546623
In base 10, what is -71295 - -13?
-71282
In base 10, what is -104078 - 1348?
-105426
In base 8, what is 2 - 53551455?
-53551453
In base 9, what is -11 - -2277315?
2277304
In base 6, what is -14343455 - 11?
-14343510
In base 11, what is -6247136a + -6?
-62471375
In base 7, what is -13 - 13103223?
-13103236
In base 4, what is 31 + 2001130131201?
2001130131232
In base 6, what is 15113 + 235252?
254405
In base 5, what is -14102124 + -14300?
-14121424
In base 16, what is -df094e + 2?
-df094c
In base 2, what is 1000011100010 + -1000101000?
111010111010
In base 2, what is -110110110001111110011111 + 0?
-110110110001111110011111
In base 14, what is -22c51 - d8?
-22d49
In base 16, what is 19 - -50c811?
50c82a
In base 4, what is 32212301 + 1202233?
100021200
In base 7, what is 3236423660 + 4?
3236423664
In base 7, what is -15126000 - 4?
-15126004
In base 7, what is -16342 - -1366?
-14643
In base 4, what is -22120113 + 12122211?
-3331302
In base 5, what is 21130 + -20132424?
-20111244
In base 5, what is -21014 - 12423?
-33442
In base 13, what is 22cb4c + -8?
22cb44
In base 10, what is 2 + 166490561?
166490563
In base 8, what is -3 - 224524116?
-224524121
In base 10, what is 2308786 - 23?
2308763
In base 5, what is -33220444434 - -3?
-33220444431
In base 12, what is 2011 + -3589?
-1578
In base 15, what is -715c - -4d11?
-234b
In base 7, what is -6 + 214125053?
214125044
In base 13, what is -93164a - 6?
-931653
In base 9, what is 270 + 100574?
100854
In base 5, what is 31 + 313042211?
313042242
In base 14, what is 334b0 - -33?
33503
In base 15, what is -1 + -b82d18?
-b82d19
In base 14, what is -c1c + 6d837?
6ca19
In base 10, what is 54 - 168851?
-168797
In base 15, what is -14b39 - -31?
-14b08
In base 14, what is -5d - -13a258?
13a1d9
In base 9, what is 105385 - -248?
105644
In base 15, what is 8a8d78 - 5?
8a8d73
In base 3, what is 11022212 - 22121220?
-11022001
In base 2, what is 11011 + 100001011110101111000?
100001011110110010011
In base 2, what is 110110111010001111000011 + -101000?
110110111010001110011011
In base 11, what is -790 - 82a0?
-8a80
In base 9, what is -55 - 3602?
-3657
In base 5, what is 4040233 + -420?
4034313
In base 2, what is -1000011000001001101001 - 101010011?
-1000011000001110111100
In base 6, what is -144221045 + -1?
-144221050
In base 2, what is 100001110111110 + 1100010000111111?
10000011111111101
In base 7, what is -21320501 - -2?
-21320466
In base 5, what is 1132 + -1203102311?
-1203101124
In base 4, what is -1013013002102 - 3?
-1013013002111
In base 7, what is -30 + -10242210?
-10242240
In base 15, what is 10db + 5793?
687e
In base 4, what is 1131121333 + 1030?
1131123023
In base 13, what is 11 + 12a608c?
12a60a0
In base 6, what is -41232413 - -321?
-41232052
In base 16, what is 307 + f65?
126c
In base 14, what is bc + 132977?
132a55
In base 13, what is -10 + 7354b?
7353b
In base 11, what is -35 - 9671a?
-96754
In base 12, what is 53ab - -2645a?
2b849
In base 3, what is -111 + -11010110221010220?
-11010110221011101
In base 13, what is 98192 + -5?
9818a
In base 7, what is 5 - 40002516?
-40002511
In base 7, what is 5 - 12214103?
-12214065
In base 9, what is 84 + 54880?
55074
In base 11, what is 31 - 342a60?
-342a2a
In base 11, what is -28 - -18a48?
18a20
In base 16, what is -2 - -a59217?
a59215
In base 2, what is 1111101001101 + -10010001111000?
-10100101011
In base 12, what is 5 - 1146175?
-1146170
In base 13, what is -3 + -8734829?
-873482c
In base 4, what is 220011231 + -123?
220011102
In base 15, what is 29e6 - -627?
311d
In base 10, what is 199 + 657964?
658163
I